s 27238447 a composite number?
True
Is 403987 a prime number?
False
Is 14819839 prime?
True
Is 95019887 prime?
True
Is 10362377 a composite number?
False
Is 181329 a composite number?
True
Is 479257 prime?
False
Is 10995059 a composite number?
False
Is 486432629 prime?
False
Is 83514323 prime?
False
Is 33977557 prime?
False
Is 79003489 prime?
False
Is 1596935 composite?
True
Is 18549077 a composite number?
True
Is 200261 a composite number?
True
Is 23493529 prime?
False
Is 211868627 a composite number?
False
Is 42190283 a prime number?
False
Is 9122507 a prime number?
True
Is 362179 a prime number?
False
Is 42689555 prime?
False
Is 16721981 composite?
False
Is 109094851 composite?
True
Is 195775477 a prime number?
True
Is 315409 a composite number?
False
Is 4114933 a prime number?
False
Is 54801127 a prime number?
False
Is 259562311 a prime number?
True
Is 3366283 a composite number?
False
Is 34346077 prime?
True
Is 1500323 composite?
True
Is 17098903 composite?
False
Is 1180345 a prime number?
False
Is 1296679 a prime number?
True
Is 3807619 prime?
False
Is 1011389 composite?
True
Is 3527971 a prime number?
False
Is 2872321 a prime number?
False
Is 4425833 a composite number?
False
Is 6823249 a prime number?
False
Is 565392805 composite?
True
Is 233084879 prime?
True
Is 6568039 a composite number?
True
Is 641125373 prime?
False
Is 3842537 a composite number?
True
Is 4185955 a prime number?
False
Is 12824753 prime?
False
Is 466681 prime?
False
Is 1231076893 a composite number?
False
Is 5929723 composite?
False
Is 1234859 composite?
True
Is 4338199 composite?
False
Is 115691023 a composite number?
True
Is 2845891 composite?
False
Is 111344861 prime?
True
Is 12756482 composite?
True
Is 30951007 prime?
True
Is 170356799 prime?
False
Is 32264341 a prime number?
False
Is 173109347 a prime number?
False
Is 9753847 composite?
True
Is 1515169 composite?
False
Is 2362121 composite?
True
Is 2362687 a prime number?
False
Is 581899 a composite number?
True
Is 736511 a prime number?
True
Is 1693267 prime?
True
Is 52565 a composite number?
True
Is 178452431 prime?
False
Is 82543213 composite?
False
Is 32944073 composite?
True
Is 325218605 composite?
True
Is 5402429 a composite number?
False
Is 1334519 a prime number?
False
Is 47740799 a prime number?
True
Is 16492631 a composite number?
True
Is 18251 prime?
True
Is 205169 prime?
False
Is 38955157 a composite number?
False
Is 32694395 a prime number?
False
Is 304543997 a prime number?
False
Is 12685217 prime?
False
Is 51720629 a composite number?
True
Is 14249789 composite?
True
Is 7250833 composite?
False
Is 2171243 a composite number?
False
Is 90396613 composite?
False
Is 3661993 prime?
False
Is 136601499 a prime number?
False
Is 4643627 prime?
False
Is 231413227 a prime number?
True
Is 38839 composite?
False
Is 196194913 a composite number?
False
Is 8596481 a prime number?
False
Is 3407767 composite?
True
Is 5614547 prime?
True
Is 2813599 prime?
False
Is 5504953 prime?
False
Is 11460827 a composite number?
True
Is 5244467 a prime number?
True
Is 1142045 prime?
False
Is 11172443 prime?
True
Is 192232303 a prime number?
False
Is 20723847 composite?
True
Is 17100587 composite?
True
Is 20302138 prime?
False
Is 1994003 a prime number?
False
Is 3792821 a prime number?
True
Is 55869823 a composite number?
True
Is 66707701 a composite number?
True
Is 23409131 composite?
False
Is 107704735 a composite number?
True
Is 279503 composite?
True
Is 2734541 composite?
True
Is 57458881 prime?
False
Is 10857631 a prime number?
True
Is 431166409 a prime number?
False
Is 287063111 prime?
True
Is 125120287 composite?
False
Is 24992683 a prime number?
True
Is 226376513 prime?
False
Is 321457 composite?
True
Is 4238191 a composite number?
True
Is 2488949 prime?
True
Is 7160567 a composite number?
True
Is 5788303 prime?
True
Is 2343487 a composite number?
False
Is 197091341 composite?
True
Is 14266541 a composite number?
True
Is 73627105 prime?
False
Is 150151 a prime number?
True
Is 36055171 prime?
True
Is 5479421 a prime number?
True
Is 68993 prime?
True
Is 8283749 prime?
False
Is 4425047 a prime number?
False
Is 4006199 prime?
False
Is 1485371 prime?
False
Is 2264221 prime?
False
Is 22965181 composite?
True
Is 1559011 a prime number?
False
Is 196244219 prime?
False
Is 13918791 prime?
False
Is 63979457 a composite number?
True
Is 15018499 prime?
True
Is 124307 a composite number?
True
Is 3900553 a prime number?
False
Is 64664683 composite?
False
Is 3432421 composite?
False
Is 1152839 composite?
True
Is 360376651 a prime number?
True
Is 772798181 prime?
True
Is 10685365 a prime number?
False
Is 20376637 prime?
True
Is 8267069 a composite number?
False
Is 997247 a composite number?
False
Is 9611 a composite number?
True
Is 15660691 composite?
False
Is 22195613 composite?
True
Is 2551493 a composite number?
True
Is 711811 composite?
False
Is 1200967 a composite number?
True
Is 401873 a prime number?
False
Is 1220041 a prime number?
True
Is 303745969 prime?
True
Is 106618201 a prime number?
False
Is 5607047 a composite number?
False
Is 4907414 a prime number?
False
Is 295152001 a prime number?
True
Is 5943739 a composite number?
True
Is 7072171 a composite number?
False
Is 7948079 composite?
False
Is 10200563 a composite number?
False
Is 2752927 a composite number?
True
Is 6012803 prime?
True
Is 696809 prime?
True
Is 149868367 composite?
True
Is 51295161 composite?
True
Is 43871777 a composite number?
True
Is 270359 composite?
True
Is 117814553 a composite number?
True
Is 6499469 a composite number?
True
Is 915139 a prime number?
True
Is 3573103 a prime number?
False
Is 1739561 prime?
True
Is 28019951 a prime number?
False
Is 170092063 prime?
True
Is 10155373 a prime number?
False
Is 16985833 prime?
False
Is 2952977 a prime number?
True
Is 218949169 composite?
False
Is 1428961 a composite number?
True
Is 5219489 prime?
False
Is 1519871 a prime number?
True
Is 73240673 prime?
False
Is 3202153 a composite number?
False
Is 62563169 prime?
False
Is 830237 a composite number?
False
Is 109571101 a prime number?
True
Is 6482461 a prime number?
False
Is 94978711 a composite number?
True
Is 2697379 prime?
True
Is 408997 a composite number?
False
Is 142285531 a prime number?
False
Is 90724363 prime?
True
Is 10990289 prime?
True
Is 3058127 a composite number?
False
Is 779017 a composite number?
True
Is 37853819 composite?
True
Is 23069377 a composite number?
True
Is 12368857 a composite number?
False
Is 23634489 composite?
True
Is 243517 prime?
True
Is 5389351 a composite number?
True
Is 38975863 a prime number?
True
Is 6917959 a composite number?
False
Is 5147749 a prime number?
True
Is 445838062 a composite number?
True
Is 171837037 composite?
True
Is 25441413 prime?
False
Is 180227 composite?
True
Is 1848023 composite?
False
Is 27538039 a prime number?
False
Is 51783631 composite?
True
Is 214241897 prime?
False
Is 24880769 a composite number?
False
Is 29945717 composite?
True
Is 892433 a prime number?
True
Is 296081 prime?
False
Is 104597237 composite?
False
Is 28249745 composite?
True
Is 50186387 a composite number?
False
Is 15090727 a composite number?
False
Is 122177251 a prime number?
False
Is 968749 a composite number?
True
Is 86832019 composite?
False
Is 14738441 a prime number?
True
Is 268933133 composite?
True
Is 2424791 a composite number?
False
Is 1275173 a composite number?
False
Is 5930213 prime?
False
Is 13712029 a prime number?
True
Is 101410285 composite?
True
Is 2369833 prime?
False
Is 32234847 a prime number?
False
Is 3009001 a prime number?
False
Is 45949207 a prime number?
True
Is 2476349 prime?
False
Is 7111303 a prime number?
True
Is 357095561 composite?
False
Is 1420109 prime?
True
Is 77473 composite?
True
Is 37734953 a prime number?
False
Is 4528991 a composite number?
True
Is 186048857 composite?
True
Is 10889609 a composite number?
False
Is 23864587 a composite number?
True
Is 4540337 prime?
True
Is 115073555 prime?
False
Is 8957483 a prime number?
False
Is 63308159 a composite number?
False
Is 136185091 composite?
True
Is 33877334 composite?
True
Is 122726363 prime?
True
Is 359419531 a composite number?
False
Is 28093207 a prime number?
True
Is 3169597 prime?
False
Is 5681717 composite?
False
Is 509846921 pr